ctors of 7474150.
2, 5, 83, 1801
List the prime factors of 196122.
2, 3, 32687
What are the prime factors of 39124081?
23, 1701047
What are the prime factors of 221322?
2, 3, 36887
List the prime factors of 563154.
2, 3, 47, 1997
What are the prime factors of 21548476?
2, 761, 7079
List the prime factors of 3385391.
157, 21563
What are the prime factors of 528615?
3, 5, 17, 691
What are the prime factors of 344645?
5, 7, 43, 229
What are the prime factors of 1521704?
2, 17, 67, 167
List the prime factors of 233440.
2, 5, 1459
List the prime factors of 361153.
13, 2137
List the prime factors of 3469142.
2, 131, 13241
What are the prime factors of 16472585?
5, 37, 89041
List the prime factors of 2428486.
2, 491, 2473
What are the prime factors of 542613?
3, 180871
What are the prime factors of 653672?
2, 101, 809
What are the prime factors of 704231?
11, 73, 877
What are the prime factors of 7670871?
3, 13, 65563
What are the prime factors of 4107915?
3, 5, 7, 23
What are the prime factors of 54028?
2, 13, 1039
List the prime factors of 237831.
3, 11, 7207
List the prime factors of 750771.
3, 7, 17, 701
What are the prime factors of 3008855?
5, 601771
What are the prime factors of 270770?
2, 5, 27077
List the prime factors of 25838867.
23, 1123429
What are the prime factors of 2096057?
2096057
List the prime factors of 457069.
29, 15761
List the prime factors of 424935.
3, 5, 7, 19, 71
List the prime factors of 1911062.
2, 103, 9277
List the prime factors of 4527874.
2, 13, 174149
What are the prime factors of 627536?
2, 7, 13, 431
List the prime factors of 2083025.
5, 7, 11903
What are the prime factors of 2586594?
2, 3, 431099
What are the prime factors of 13935668?
2, 3483917
List the prime factors of 1088818.
2, 499, 1091
What are the prime factors of 2488779?
3, 92177
What are the prime factors of 91046?
2, 45523
What are the prime factors of 1413446?
2, 239, 2957
What are the prime factors of 9230376?
2, 3, 384599
What are the prime factors of 34507786?
2, 17253893
What are the prime factors of 7792093?
73, 173, 617
What are the prime factors of 118141?
31, 37, 103
What are the prime factors of 1233588?
2, 3, 17, 6047
What are the prime factors of 193840?
2, 5, 2423
What are the prime factors of 17345?
5, 3469
What are the prime factors of 27246200?
2, 5, 59, 2309
What are the prime factors of 392662?
2, 196331
What are the prime factors of 794972?
2, 23, 8641
List the prime factors of 314044.
2, 78511
List the prime factors of 2792616.
2, 3, 116359
What are the prime factors of 16973711?
1877, 9043
List the prime factors of 1143045.
3, 5, 8467
What are the prime factors of 1068353?
11, 13, 31, 241
List the prime factors of 11087378.
2, 43, 128923
List the prime factors of 9361167.
3, 19, 164231
What are the prime factors of 1911934?
2, 955967
What are the prime factors of 727575?
3, 5, 89, 109
What are the prime factors of 3115295?
5, 623059
What are the prime factors of 266176?
2, 4159
List the prime factors of 115932.
2, 3, 9661
What are the prime factors of 1058386?
2, 7, 17, 4447
List the prime factors of 1895333.
11, 53, 3251
What are the prime factors of 63807?
3, 21269
What are the prime factors of 35936220?
2, 3, 5, 19, 29, 1087
What are the prime factors of 3781728?
2, 3, 1459
What are the prime factors of 187623?
3, 6949
List the prime factors of 85486.
2, 42743
What are the prime factors of 1266983?
709, 1787
List the prime factors of 22000460.
2, 5, 1100023
List the prime factors of 3891993.
3, 7, 37, 5009
What are the prime factors of 183280?
2, 5, 29, 79
List the prime factors of 4174342.
2, 269, 7759
List the prime factors of 11117220.
2, 3, 5, 31, 43, 139
List the prime factors of 1411866.
2, 3, 78437
List the prime factors of 5399469.
3, 599941
List the prime factors of 196764.
2, 3, 19, 863
What are the prime factors of 2933560?
2, 5, 7, 10477
What are the prime factors of 3484819?
13, 268063
List the prime factors of 559468.
2, 7, 13, 29, 53
What are the prime factors of 937251?
3, 7, 19, 29
List the prime factors of 107363.
101, 1063
List the prime factors of 3070446.
2, 3, 631, 811
List the prime factors of 187559.
187559
List the prime factors of 25198293.
3, 109, 263, 293
List the prime factors of 18158381.
18158381
What are the prime factors of 3386821?
173, 19577
What are the prime factors of 6616915?
5, 1091, 1213
What are the prime factors of 15824580?
2, 3, 5, 97, 2719
What are the prime factors of 12278054?
2, 6139027
List the prime factors of 45364.
2, 11, 1031
List the prime factors of 461777.
43, 10739
What are the prime factors of 36929496?
2, 3, 863, 1783
What are the prime factors of 2681376?
2, 3, 17, 31, 53
What are the prime factors of 90568?
2, 11321
What are the prime factors of 111482?
2, 7, 7963
What are the prime factors of 64067?
64067
List the prime factors of 17760845.
5, 1321, 2689
What are the prime factors of 10037323?
37, 271279
List the prime factors of 19467285.
3, 5, 271, 4789
List the prime factors of 179379.
3, 19, 1049
What are the prime factors of 15496935?
3, 5, 53, 101, 193
List the prime factors of 502188.
2, 3, 41849
What are the prime factors of 210574?
2, 7, 13, 89
What are the prime factors of 1900444?
2, 7, 13, 23, 227
What are the prime factors of 5601940?
2, 5, 280097
What are the prime factors of 1158991?
1158991
What are the prime factors of 20299578?
2, 3, 13, 97, 2683
What are the prime factors of 7873672?
2, 433, 2273
What are the prime factors of 238737?
3, 79579
List the prime factors of 249159.
3, 23, 157
What are the prime factors of 1268225?
5, 7, 7247
What are the prime factors of 184087?
184087
What are the prime factors of 515972?
2, 128993
List the prime factors of 6928862.
2, 3464431
List the prime factors of 22386715.
5, 13, 283, 1217
What are the prime factors of 7620747?
3, 2540249
What are the prime factors of 37097461?
271, 367, 373
List the prime factors of 833421.
3, 379, 733
List the prime factors of 1651884.
2, 3, 13, 10589
What are the prime factors of 3090764?
2, 772691
What are the prime factors of 1990494?
2, 3, 11, 1117
What are the prime factors of 118721?
227, 523
What are the prime factors of 9153269?
19, 481751
List the prime factors of 1585126.
2, 792563
What are the prime factors of 816720?
2, 3, 5, 41, 83
List the prime factors of 306937.
191, 1607
List the prime factors of 15668031.
3, 919, 5683
List the prime factors of 1022980.
2, 5, 7, 7307
What are the prime factors of 1860348?
2, 3, 7, 22147
List the prime factors of 11773423.
11773423
List the prime factors of 1130423.
7, 167, 967
List the prime factors of 3119603.
191, 16333
What are the prime factors of 26242261?
53, 61, 8117
What are the prime factors of 461668?
2, 211, 547
What are the prime factors of 6194263?
269, 23027
What are the prime factors of 924168?
2, 3, 7, 5501
List the prime factors of 3364292.
2, 19, 44267
List the prime factors of 24800216.
2, 7, 442861
What are the prime factors of 70302?
2, 3, 11717
List the prime factors of 5603740.
2, 5, 280187
What are the prime factors of 970113?
3, 323371
List the prime factors of 13716793.
13716793
List the prime factors of 39987.
3, 1481
List the prime factors of 965272.
2, 7, 11, 1567
List the prime factors of 288330.
2, 3, 5, 7, 1373
List the prime factors of 3851703.
3, 427967
List the prime factors of 393905.
5, 78781
What are the prime factors of 2143187?
29, 263, 281
List the prime factors of 1000530.
2, 3, 5, 11117
What are the prime factors of 3895189?
349, 11161
List the prime factors of 511605.
3, 5, 11369
What are the prime factors of 18467957?
139, 132863
List the prime factors of 415730.
2, 5, 7, 5939
What are the prime factors of 1293143?
137, 9439
What are the prime factors of 17590851?
3, 79, 2749
What are the prime factors of 22143318?
2, 3, 3690553
What are the prime factors of 613761?
3, 204587
List the prime factors of 707989.
67, 10567
List the prime factors of 3411664.
2, 213229
List the prime factors of 8602199.
8602199
List the prime factors of 4640165.
5, 883, 1051
List the prime factors of 2223801.
3, 23, 3581
What are the prime factors of 3905?
5, 11, 71
What are the prime factors of 1337744?
2, 83609
List the prime factors of 17417403.
3, 103, 6263
List the prime factors of 96258.
2, 3, 